ase 5) to base 14.
14
Convert -2 (base 11) to base 9.
-2
Convert -427 (base 8) to base 16.
-117
What is 3 (base 6) in base 3?
10
Convert 96 (base 11) to base 10.
105
-104 (base 5) to base 9
-32
Convert -81 (base 9) to base 14.
-53
What is -163 (base 7) in base 16?
-5e
104 (base 7) to base 4
311
What is 41 (base 14) in base 10?
57
12 (base 5) to base 14
7
Convert -121 (base 3) to base 8.
-20
7 (base 8) to base 10
7
What is 0 (base 9) in base 8?
0
-2122 (base 3) to base 7
-131
What is -53 (base 7) in base 16?
-26
-1 (base 14) to base 13
-1
What is -11 (base 3) in base 16?
-4
Convert -1111100 (base 2) to base 11.
-103
What is 5 (base 16) in base 2?
101
What is -5 (base 7) in base 5?
-10
9 (base 11) to base 12
9
-3 (base 11) to base 12
-3
What is 166 (base 9) in base 14?
a1
-17 (base 11) to base 10
-18
What is -57 (base 10) in base 12?
-49
Convert -46 (base 16) to base 14.
-50
Convert 35 (base 13) to base 15.
2e
Convert 1 (base 5) to base 4.
1
What is -51 (base 6) in base 7?
-43
What is 10 (base 16) in base 15?
11
What is -6 (base 10) in base 2?
-110
What is 112 (base 10) in base 15?
77
5 (base 14) to base 7
5
Convert 127 (base 10) to base 16.
7f
What is 2 (base 14) in base 6?
2
8 (base 13) to base 3
22
-20 (base 6) to base 10
-12
Convert 3 (base 16) to base 9.
3
2 (base 7) to base 15
2
Convert 55 (base 16) to base 10.
85
Convert -58 (base 12) to base 5.
-233
Convert -1 (base 5) to base 14.
-1
Convert -4 (base 6) to base 12.
-4
-36 (base 8) to base 13
-24
Convert -d (base 15) to base 13.
-10
Convert -17 (base 16) to base 5.
-43
What is -12 (base 9) in base 15?
-b
Convert 0 (base 6) to base 12.
0
What is -4 (base 7) in base 10?
-4
What is 154 (base 6) in base 7?
130
What is -15 (base 9) in base 15?
-e
What is -7 (base 11) in base 8?
-7
5b (base 12) to base 2
1000111
What is 2 (base 5) in base 12?
2
-13 (base 16) to base 14
-15
Convert -10 (base 7) to base 6.
-11
-100 (base 5) to base 3
-221
Convert -14 (base 16) to base 6.
-32
Convert -110000 (base 2) to base 4.
-300
-5 (base 10) to base 7
-5
1 (base 7) to base 6
1
Convert -19 (base 14) to base 11.
-21
Convert 2b (base 15) to base 14.
2d
What is -3 (base 5) in base 15?
-3
-1 (base 14) to base 2
-1
Convert -11 (base 8) to base 2.
-1001
Convert 1 (base 2) to base 4.
1
Convert 101 (base 6) to base 12.
31
-16 (base 8) to base 5
-24
What is -9 (base 15) in base 3?
-100
What is -3d (base 14) in base 15?
-3a
Convert -1000 (base 2) to base 11.
-8
Convert 402 (base 5) to base 8.
146
Convert 1 (base 13) to base 8.
1
3 (base 10) to base 9
3
Convert -4 (base 6) to base 13.
-4
-242 (base 5) to base 16
-48
What is -14 (base 10) in base 4?
-32
34 (base 15) to base 7
100
What is 2 (base 15) in base 4?
2
13 (base 7) to base 12
a
Convert -3 (base 15) to base 13.
-3
Convert 1 (base 10) to base 11.
1
Convert 1a (base 14) to base 2.
11000
1101010 (base 2) to base 11
97
Convert 2 (base 3) to base 10.
2
Convert -350 (base 6) to base 16.
-8a
Convert -562 (base 7) to base 6.
-1201
Convert -5 (base 6) to base 13.
-5
-a (base 15) to base 2
-1010
-101100 (base 2) to base 11
-40
ca (base 13) to base 7
325
Convert -16 (base 7) to base 12.
-11
-32 (base 5) to base 16
-11
Convert -4 (base 14) to base 11.
-4
-2 (base 11) to base 6
-2
Convert -10 (base 5) to base 15.
-5
What is 14 (base 5) in base 11?
9
Convert 3 (base 16) to base 4.
3
-60 (base 11) to base 6
-150
-4 (base 10) to base 4
-10
What is 1 (base 2) in base 11?
1
What is 32 (base 11) in base 3?
1022
3 (base 12) to base 2
11
Convert -34 (base 10) to base 2.
-100010
11010000 (base 2) to base 14
10c
-42 (base 12) to base 15
-35
What is 10 (base 4) in base 11?
4
What is 24a (base 11) in base 5?
2141
-22 (base 3) to base 13
-8
What is 6b (base 13) in base 16?
59
26 (base 9) to base 12
20
What is 107 (base 9) in base 4?
1120
What is -100 (base 3) in base 14?
-9
What is 2 (base 5) in base 8?
2
-234 (base 5) to base 8
-105
Convert 21 (base 9) to base 14.
15
What is -72 (base 11) in base 15?
-54
What is -111001 (base 2) in base 6?
-133
-10 (base 15) to base 4
-33
What is -2a (base 12) in base 6?
-54
Convert 1 (base 11) to base 9.
1
-2 (base 9) to base 8
-2
13 (base 4) to base 10
7
What is 0 (base 11) in base 5?
0
8c (base 14) to base 11
103
Convert 10 (base 5) to base 7.
5
What is -129 (base 13) in base 3?
-21120
54 (base 6) to base 9
37
Convert 13 (base 8) to base 10.
11
What is 10 (base 8) in base 3?
22
What is 1 (base 3) in base 13?
1
Convert d (base 16) to base 14.
d
-34 (base 13) to base 12
-37
Convert -1222 (base 3) to base 2.
-110101
314 (base 5) to base 16
54
-1b (base 13) to base 4
-120
What is -11 (base 10) in base 9?
-12
What is -25 (base 13) in base 6?
-51
Convert -241 (base 8) to base 10.
-161
-eb (base 15) to base 8
-335
What is 40 (base 5) in base 9?
22
What is -5 (base 13) in base 16?
-5
2 (base 7) to base 11
2
Convert 18 (base 10) to base 6.
30
What is -6 (base 15) in base 7?
-6
What is -10 (base 6) in base 15?
-6
Convert -2002 (base 4) to base 2.
-10000010
Convert -115 (base 8) to base 4.
-1031
100 (base 2) to base 8
4
Convert 6 (base 13) to base 14.
6
-22 (base 4) to base 13
-a
What is 4 (base 6) in base 8?
4
Convert 10 (base 15) to base 3.
120
What is 156 (base 9) in base 10?
132
3 (base 4) to base 11
3
100 (base 6) to base 4
210
-1 (base 7) to base 13
-1
Convert -9 (base 10) to base 12.
-9
1c (base 16) to base 2
11100
What is -101 (base 7) in base 9?
-55
-21 (base 12) to base 2
-11001
What is 1 (base 10) in base 9?
1
Convert -6 (base 9) to base 11.
-6
-2002 (base 4) to base 3
-11211
Convert 0 (base 13) to base 8.
0
Convert -3 (base 11) to base 13.
-3
-1 (base 14) to base 15
-1
Convert -30 (base 5) to base 16.
-f
What is 102111 (base 3) in base 2?
100110110
Convert 0 (base 12) to base 13.
0
What is -3 (base 9) in base 5?
-3
310 (base 5) to base 14
5a
202 (base 3) to base 15
15
-1d4 (base 14) to base 7
-1054
Convert 0 (base 8) to base 11.
0
3 (base 10) to base 6
3
12 (base 7) to base 15
9
5 (base 15) to base 2
101
What is 11 (base 9) in base 5?
20
What is 0 (base 9) in base 7?
0
Convert -4 (base 11) to base 13.
-4
What is 4 (base 15) in base 13?
4
11 (base 6) to base 4
13
What is -10 (base 16) in base 10?
-16
-4 (base 14) to base 8
-4
What is -c3 (base 13) in base 9?
-186
Convert 0 (base 4) to base 9.
0
Convert -110 (base 3) to base 14.
-c
What is 3 (base 5) in base 8?
3
10 (base 10) to base 12
a
Convert 2 (base 10) to base 12.
2
-1 (base 11) to base 13
-1
What is -203 (base 4) in base 16?
-23
Convert -4 (base 16) to base 14.
-4
-7 (base 16) to base 15
-7
What is 18 (base 12) in base 2?
10100
13 (base 9) to base 3
110
2 (base 10) to base 6
2
166 (base 10) to base 8
246
-75 (base 8) to base 5
-221
Convert 1 (base 4) to base 16.
1
What is -9 (base 11) in base 14?
-9
7 (base 16) to base 8
7
Convert -11 (base 2) to base 15.
-3
-70 (base 11) to base 7
-140
37 (base 13) to base 9
51
-e (base 15) to base 8
-16
Convert -3 (base 12) to base 16.
-3
-9 (base 13) to base 11
-9
What is -1 (base 4) in base 7?
-1
b (base 12) to base 2
1011
-330 (base 6) to base 8
-176
Convert -251 (base 6) to base 14.
-75
What is -23 (base 12) in base 15?
-1c
-51 (base 10) to base 7
-102
33 (base 10) to base 11
30
Convert -4 (base 12) to base 2.
-100
203 (base 4) to base 11
32
20 (base 4) to base 5
13
What is 3 (base 5) in base 11?
3
16 (base 11) to base 9
18
Convert db (base 14) to base 7.
364
Convert -17 (base 14) to base 15.
-16
Convert 14 (base 15) to base 13.
16
-1000 (base 3) to base 13
-21
-3 (base 9) to base 2
-11
7 (base 13) to base 14
7
Convert 10 (base 4) to base 16.
4
Convert -14 (base 6) to base 3.
-101
Convert 55 (base 16) to base 2.
1010101
What is 41 (base 6) in base 15?
1a
-111 (base 8) to base 10
-73
Convert 1 (base 4) to base 7.
1
What is -11 (base 3) in base 2?
-100
Convert 2001 (base 3) to base 10.
55
4 (base 8) to base 9
4
What is -1b (base 16) in base 13?
-21
2 (base 8) to base 3
2
What is -1013 (base 4) in base 10?
-71
-2 (base 12) to base 16
-2
Convert 2 (base 15) to base 10.
2
What is -15 (base 16) in base 7?
-30
5 (base 13) to base 16
5
166 (base 7) to base 4
1201
Convert 0 (base 10) to base 7.
0
-24 (base 9) to base 5
-42
What is 10 (base 2) in base 10?
2
9 (base 15) to base 5
14
212 (base 3) to base 8
27
What is 126 (base 13) in base 16?
c9
3 (base 14) to base